Suppose 0 = f + 5*p + 10, -f - 70 = -4*f + 5*p. Let q be (-12)/f*(-135)/(-18). Determine v(q).
-9
Let r(s) = -45*s + 125. Let t(w) = -28*w + 81. Let i(v) = 5*r(v) - 8*t(v). Determine i(22).
-45
Let v(m) = m**3 - 2*m**2 + 12*m - 37. Suppose 0 = -4*w - 16 + 44. Let x be v(w). Let p(z) = 1 + x*z - 144*z - 144*z. Give p(-1).
-3
Let c = -2776 - -2777. Let x(u) = -2*u - 1. Let s(p) = -p + 5. Let q(o) = o - 6. Let v(j) = -5*q(j) - 6*s(j). Let g(i) = -5*v(i) + x(i). What is g(c)?
-8
Let y(h) = -8*h - 183. Let l(z) = -z - 38. Let a(b) = 5*l(b) - y(b). Give a(12).
29
Let t(q) = 81264 - 6*q - 40643 - 7*q - 40649. Give t(-8).
76
Let c(o) = -422 + 149 + 141 + 150 - 5*o. Determine c(8).
-22
Let y(x) = 3*x + 135. Let q = -4614 + 4586. What is y(q)?
51
Let g be (-462)/(-119) + (-6)/(-51). Suppose 4 = 2*c - 2*x - 0, -g*x - 12 = -5*c. Suppose -5*n = c*y - 34, 0*n = 2*n + 2*y - 14. Let z(d) = d - 2. What is z(n)?
4
Suppose -n + 497*s - 496*s = 2, -2*s - 17 = 5*n. Let d(y) be the first derivative of -y**3/3 - y**2 + 4*y - 1. Give d(n).
1
Suppose 2*f - 20 = -8*f. Let c be ((-4)/16)/((-2)/(18 - f)). Let r(y) = -4*y**2 + 4*y**2 - 3 + y**c + 3*y. What is r(-4)?
1
Let r(u) = -u**2 + 12*u + 1. Let i = -498 + 327. Let v = 184 + i. Calculate r(v).
-12
Let f(d) = -1922*d + 959*d + 966*d + 15 - 7. Calculate f(-4).
-4
Let m(g) = g**3 + 17*g**2 + 65*g + 54. Let v be m(-12). Let t(z) = -z**3 - 5*z**2 + 7*z + 13. Determine t(v).
7
Let n(f) be the first derivative of -1/2*f**2 - 287 - 22*f. Let b be 60/9*3/(-2). Determine n(b).
-12
Let a(y) = -15*y - 12. Suppose 227*v - 175*v - 260 = 0. Determine a(v).
-87
Let f(x) = 5*x + 4*x - 5*x + 14 - x**2 - 5*x + 13*x. What is f(11)?
25
Let x(q) = -3*q**2 + 20*q - 36. Suppose 3*l - 9*l - 13*l + 95 = 0. Determine x(l).
-11
Let m(d) be the third derivative of -4*d**5/15 + d**4/6 + d**3/2 - 2898*d**2. Determine m(-1).
-17
Let c(v) = v**2 - 29*v - 261. Let n be c(36). Let b(o) = o**3 + 10*o**2 + 9*o + 3. Give b(n).
3
Let t(w) = -w**2 + 12*w. Let n be t(10). Let m(s) = -s**2 + 24*s - 74. Let i be m(n). Let x(q) = -q**3 + 5*q**2 + 7*q - 6. Give x(i).
0
Let z = -20 - -22. Suppose 16 = v - 2*d - 0, -3*v + 36 = -z*d. Let i(k) = -k + 12. What is i(v)?
2
Suppose -b = 14 - 4. Let v(l) = 7*l + 216. Let f(j) = 16*j + 488. Let w(m) = -4*f(m) + 9*v(m). Calculate w(b).
2
Let s(n) be the third derivative of 0*n - 1 + 1/3*n**4 + 1/60*n**5 + 25*n**2 - 7/6*n**3. Calculate s(-9).
2
Let r(j) = -7*j**2 + 139*j + 172. Let k be r(21). Let n(z) = 4*z**2 + 3*z - 4. Determine n(k).
72
Let y(i) = -10*i**2 - 2 - i**3 + 47797*i - 12 - 47811*i. Determine y(-7).
-63
Let c(g) = 69*g**3 - 151*g**3 + 80*g**3 + 6 + 48*g - 8*g + 14*g**2 + 24*g**2. Calculate c(20).
6
Let a(f) = 2*f**2 + f. Suppose -14*w - 33 = 9. Let u(m) = 8*m**2 + 2*m - 3. Let g(y) = w*a(y) + u(y). Let i = 13 - 10. Give g(i).
12
Let a(x) = 14*x + 144. Let p be a(-6). Let v(f) = f**2 + p - f + 74 - 148. Determine v(0).
-14
Let i(f) = -2*f**2 + 3*f - 1. Let c(q) = -4*q + 207. Let r be c(41). Let u = r + -40. Calculate i(u).
-10
Let d = -42 - -81. Let x(r) = 11*r - d*r + 6 + 14*r - 6*r**2 - r**3 + 15*r. Suppose 2*u + 0*u = -12. Calculate x(u).
0
Suppose -12 = -35*p + 33*p. Let w(z) be the second derivative of z**5/20 - z**4/2 + z**3/3 - 9*z**2/2 + 41*z. Calculate w(p).
3
Let d(k) = -4*k**2 - 50*k - 11. Let g be d(-12). Suppose g*i = -21*i - 204. Let c(t) = -t**2 - 3*t + 7. Calculate c(i).
-11
Let u(c) = 0*c**2 + 14*c + 2*c**2 + 31 + 7*c + 13*c. Let v be u(-16). Let x(k) be the first derivative of -2*k**3/3 - k**2/2 - k + 2. Calculate x(v).
-2
Let b(v) = 8*v**2 - 12*v + 23. Let s(i) = -3*i**2 + 4*i - 8. Suppose 0 = -5*w - 433 + 1593. Let x be w/56 + (-2)/14. Let q(r) = x*b(r) + 11*s(r). Give q(-7).
-17
Let q(i) = -i**2 + 7*i + 35. Suppose 9*s = s + 88. Calculate q(s).
-9
Let b(g) = 2*g - 31. Let a = -6019 - -6042. Determine b(a).
15
Let g(z) be the first derivative of -z**2 - 2*z - 7. Let v = -4 + -36. Let j be v/(-12) + 4/6. Give g(j).
-10
Let y(a) = 3*a + 16. Suppose -17 = -2*c - 27. Let r be y(c). Let v(s) = -s**3 - s**2 + r + 7 - 6 + s. Give v(-2).
4
Let a = 1 - -6. Let t(o) = -4*o - 21. Let c(k) be the second derivative of -k**3/6 - k**2 - 63*k. Let m(f) = 6*c(f) - t(f). Determine m(a).
-5
Let o(k) = k**3 - 3*k**2 - 3*k + 6. Suppose 33*a = 29*a + 1512. Let w be (-2 + (-19)/(-3))/((-21)/a). Let h be w/(-21) + (-6)/(-21). Determine o(h).
10
Suppose -4*j - 5*v = -45, -2*v + 5*v - 15 = 0. Let p(c) = 3 + j + 21*c - 7. Suppose 0 = -70*l - 55 - 15. Determine p(l).
-20
Let l(s) be the second derivative of s**5/20 + 11*s**4/12 + s**3/3 + 13*s**2/2 - 4490*s. Determine l(-11).
-9
Let z(w) be the second derivative of -w**3/3 + 9*w**2/2 - 313*w. What is z(-9)?
27
Let q(j) = -j**2 - 4*j + 62. Let i(z) = z**3 - 43*z**2 + 332*z - 75. Let n be i(33). Calculate q(n).
17
Let a(y) = y**2 + 9*y - 17. Let g(b) = b**3 + 26*b**2 + 149*b + 82. Let i be g(-18). Give a(i).
-25
Suppose 0*x = 2*i - x - 5, 4*x + 9 = -3*i. Let u(h) = 10*h**2 - 56*h - 7. Let g(k) = 6*k**2 - 31*k - 4. Let s(a) = -9*g(a) + 5*u(a). Give s(i).
-4
Let h(l) = -17*l - 4. Let a(u) = -14*u - 2. Let q(g) = 6*a(g) - 4*h(g). Give q(2).
-28
Let n(t) be the first derivative of -t**3/3 + 12*t**2 + 35*t - 227. Determine n(24).
35
Let s(y) = 652 - 2201 - 15*y + 685 + 736. Give s(-8).
-8
Let i(h) = -4. Let y(m) = m - 11. Let u be 64/32*(-8)/2. Let b(w) = u*i(w) + 3*y(w). Give b(-5).
-16
Let w = -206 + 208. Let f be (-11 - (-6 + -9))*w*1. Let p(j) = -j**3 + 9*j**2 - 8*j - 11. Calculate p(f).
-11
Let l(y) be the third derivative of -y**5/60 + y**4/24 - 25*y**3/6 - 1530*y**2 + 2*y + 2. Suppose -5*r + i + 0*i = 0, 0 = -r + i. Calculate l(r).
-25
Let h(b) = b - 12. Let k = -243 - -342. Let r = k - 87. What is h(r)?
0
Let g = -312 + 327. Let s(i) = 10*i - 14*i + g - 13. What is s(-3)?
14
Let d(g) be the first derivative of -1/2*g**2 - 108 - 6*g. What is d(-9)?
3
Let j(h) = 11*h**2 + 34*h + 34. Let v(r) = 2*r**2 + 2*r + 4. Let f(m) = -j(m) + 5*v(m). Calculate f(-23).
9
Let h(f) = -f**3 - 8*f**2 - 75*f - 243. Let s be h(-4). Let x(k) = -k**2 - 3*k + 15. What is x(s)?
-13
Let x be (8/18)/((-1030)/309*(-1)/(-15)). Let a(g) = 106*g + 211. Give a(x).
-1
Let m(o) be the first derivative of -o**2/2 - 4*o - 113. Let d(r) = 2. Let a(z) = 5*d(z) + m(z). Give a(4).
2
Suppose 4*w = 4*q - 136, -4*w - 2*q + 0*q - 136 = 0. Let n = w - -45. Suppose -4*b + n + 1 = -r, 5*r = 3*b - 26. Let s(h) = 3*h**2 - h. What is s(b)?
10
Let q = 65 + -23. Let p = -37 + q. Suppose 4*y = 3*l - 31, -y = -p*l + 5 + 24. Let n(v) = -v**3 - 4*v**2 - 2*v + 2. Give n(y).
10
Let y(h) = 373*h + 9. Let z(u) = -995*u - 25. Let g(c) = 8*y(c) + 3*z(c). Give g(-8).
5
Let l(s) = 3*s - 2. Let p be l(4). Let i(h) = -5*h - p*h**2 + 6 - 10*h**2 + 21*h**2. Give i(5).
6
Let q(k) = -31*k + 100. Let o be q(4). Let s be 36/(-42)*84/o. Let g(w) = -w**3 + 4*w**2 - 3*w - 4. Determine g(s).
-4
Let l(g) = -g**3 + g**2 + 14*g + 7. Let j = 38246 + -38249. Give l(j).
1
Let o(y) = -6*y - 10. Let a be -1*(-15)/(-10)*(-6)/(-9). Let r(u) = u. Let z(i) = a*o(i) - 8*r(i). Give z(6).
-2
Suppose -5*p + 14 = -4*b, 0 = 2*p - 3*p + 4*b + 6. Let m(k) = 79*k - 40*k + 4 + 3*k**p - 34*k. Determine m(-2).
6
Suppose -3*s - 24 = -2*w - 5, w = 5. Let t(p) = 8*p**2 - 15*p**2 - p + 1 + 8*p**2. Calculate t(s).
13
Let k(f) be the second derivative of -5*f**3 + 59*f**2/2 + 22*f + 6. Determine k(2).
-1
Let k(l) = -21*l + 1. Let n(g) = 5*g**2 + 88*g. Let r(x) = 4*k(x) + n(x). Calculate r(-1).
5
Let v be ((-375)/225)/((-65)/15 + 4). Let g(j) = -j**3 + 6*j**2 - 12*j + 29. Calculate g(v).
-6
Let t(b) be the first derivative of -b**3/3 + 4*b**2 - 7*b + 1. Suppose -70*y = -72*y + 6, -4*i + y + 21 = 0. Let l be (1 + 1)/(i/21). Determine t(l).
0
Let y(x) = 102 + 0 - 1 + 53 - 21*x + 151. Calculate y(14).
11
Suppose 5*p - 1 = 3*p + 5*i, 0 = -i - 1. Let b(k) be the third derivative of -8*k**2 - 1/12*k**4 - 1/60*k**5 + 1/120*k**6 + 0*k - 1/6*k**3 + 4. Determine b(p).
-9
Suppose 2*f - 18 = -f. Let d = -9092 - -9094. Let t(m) = -d + 3 + f*m + 10 + m**2 - 5. Give t(-6).
6
Let z(a) = 45*a + 952. Let s be z(-21). Let v(u) = 13*u - 87. Calculate v(s).
4
Let j(v) = -16*v - 116. Let l = -4250 - -4243. What is j(l)?
-4
Let v(x) = -8*x**3 - 8*x**2 - 66*x + 5. Let a(r) = -7*r**3 - 7*r**2